 the prime factors of 3518148402.
2, 3, 17, 23, 499879
What are the prime factors of 263987305?
5, 17, 449, 6917
List the prime factors of 3618806628.
2, 3, 301567219
List the prime factors of 35260413.
3, 101, 116371
What are the prime factors of 7804135?
5, 97, 16091
List the prime factors of 123959029.
23, 233, 23131
List the prime factors of 43109325.
3, 5, 7, 101, 271
What are the prime factors of 153168097?
67, 2286091
List the prime factors of 1317605865.
3, 5, 29, 31, 199, 491
List the prime factors of 103502789.
13, 47, 169399
List the prime factors of 674634505.
5, 23, 37, 158551
What are the prime factors of 329897552?
2, 151, 136547
What are the prime factors of 41725429?
17, 2454437
What are the prime factors of 1120645249?
419, 1093, 2447
List the prime factors of 982583341.
67, 14665423
What are the prime factors of 375258374?
2, 17, 79, 139709
What are the prime factors of 9917425?
5, 7, 56671
What are the prime factors of 1060809239?
7, 3541, 42797
List the prime factors of 111509786.
2, 37, 1506889
List the prime factors of 92071910.
2, 5, 7, 19, 37, 1871
What are the prime factors of 236036967?
3, 78678989
List the prime factors of 580046083.
499, 1162417
List the prime factors of 2303203751.
29, 1873, 42403
What are the prime factors of 113075181?
3, 1439, 8731
List the prime factors of 2448996822.
2, 3, 151, 300343
What are the prime factors of 955644044?
2, 47, 5083213
List the prime factors of 434008966.
2, 217004483
What are the prime factors of 282979285?
5, 151, 374807
List the prime factors of 47424064.
2, 741001
What are the prime factors of 228048000?
2, 3, 5, 4751
List the prime factors of 8482552.
2, 13, 81563
List the prime factors of 7587262.
2, 421, 9011
List the prime factors of 819107749.
5059, 161911
What are the prime factors of 1760705235?
3, 5, 199, 65539
What are the prime factors of 126468349?
7, 337, 53611
List the prime factors of 226310216.
2, 11, 19, 135353
What are the prime factors of 646209503?
646209503
List the prime factors of 2927820701.
13, 41, 5493097
List the prime factors of 325780746.
2, 3, 421, 128971
What are the prime factors of 1158420377?
12161, 95257
What are the prime factors of 1767298715?
5, 7, 13, 29, 151, 887
What are the prime factors of 20578982?
2, 109, 94399
What are the prime factors of 272071809?
3, 641, 47161
What are the prime factors of 689068140?
2, 3, 5, 17, 41, 16477
What are the prime factors of 647926284?
2, 3, 23, 2347559
What are the prime factors of 18629369?
11, 1693579
What are the prime factors of 4655150?
2, 5, 93103
List the prime factors of 426346901.
426346901
What are the prime factors of 956584220?
2, 5, 17, 359, 461
List the prime factors of 44940091.
7, 23, 279131
What are the prime factors of 55915301?
13, 103, 41759
What are the prime factors of 1615556590?
2, 5, 161555659
What are the prime factors of 357558470?
2, 5, 35755847
List the prime factors of 48076415.
5, 113, 85091
What are the prime factors of 2077527771?
3, 11, 70657
List the prime factors of 871069694.
2, 11, 29, 1365313
What are the prime factors of 30678542?
2, 73, 210127
List the prime factors of 1293008438.
2, 37, 17473087
What are the prime factors of 16090309?
47, 342347
List the prime factors of 46043318.
2, 37, 227, 2741
What are the prime factors of 172560681?
3, 19173409
What are the prime factors of 1723361338?
2, 3203, 269023
What are the prime factors of 57386120?
2, 5, 11, 130423
What are the prime factors of 8245302?
2, 3, 13, 37, 2857
What are the prime factors of 2137122946?
2, 7, 21807377
What are the prime factors of 148975234?
2, 74487617
List the prime factors of 2118406076.
2, 23, 1861, 12373
List the prime factors of 21785492.
2, 5446373
What are the prime factors of 122482879?
59, 2075981
List the prime factors of 605238831.
3, 3119, 7187
What are the prime factors of 332367334?
2, 13, 12783359
List the prime factors of 503418428.
2, 125854607
What are the prime factors of 8689312?
2, 17, 15973
What are the prime factors of 736089497?
11, 13, 5147479
What are the prime factors of 2829742414?
2, 307, 4608701
What are the prime factors of 408124323?
3, 45347147
What are the prime factors of 65902328?
2, 37, 222643
List the prime factors of 1225285.
5, 41, 43, 139
What are the prime factors of 1184747718?
2, 3, 7, 11, 97, 26437
List the prime factors of 303509515.
5, 19, 3194837
What are the prime factors of 693739332?
2, 3, 11, 13, 17, 7927
What are the prime factors of 527464680?
2, 3, 5, 71, 61909
List the prime factors of 684252224.
2, 521, 20521
List the prime factors of 12995988.
2, 3, 1082999
List the prime factors of 7243608191.
7243608191
List the prime factors of 21261771.
3, 59, 1483
List the prime factors of 186860204.
2, 199, 234749
What are the prime factors of 2917831083?
3, 19, 23, 2225653
What are the prime factors of 1423891564?
2, 355972891
List the prime factors of 7848294.
2, 3, 1308049
List the prime factors of 149480077.
271, 551587
List the prime factors of 223855945.
5, 137, 173, 1889
List the prime factors of 220809761.
173, 1276357
What are the prime factors of 234274440?
2, 3, 5, 31, 71, 887
What are the prime factors of 4682378552?
2, 585297319
List the prime factors of 158787140.
2, 5, 17, 467021
What are the prime factors of 259245926?
2, 23, 79, 71339
What are the prime factors of 6746671431?
3, 61, 12289019
List the prime factors of 725490580.
2, 5, 179, 191, 1061
What are the prime factors of 2454112830?
2, 3, 5, 13, 31, 202987
What are the prime factors of 54450262?
2, 73, 149, 2503
List the prime factors of 27152613.
3, 29, 104033
List the prime factors of 2667734544.
2, 3, 55577803
What are the prime factors of 4700558527?
7, 257, 2612873
What are the prime factors of 224854689?
3, 74951563
List the prime factors of 825529799.
825529799
List the prime factors of 7129688952.
2, 3, 37, 8028929
List the prime factors of 12158668.
2, 3039667
What are the prime factors of 132300062?
2, 5839, 11329
List the prime factors of 453720759.
3, 1433, 105541
List the prime factors of 221925384.
2, 3, 701, 4397
What are the prime factors of 786223889?
11, 53, 1348583
List the prime factors of 3215249180.
2, 5, 11, 13, 479, 2347
What are the prime factors of 43304093?
7, 191, 661
List the prime factors of 2621701273.
337, 7779529
What are the prime factors of 13102576?
2, 113, 7247
List the prime factors of 47765555.
5, 9553111
What are the prime factors of 6351627?
3, 47, 107, 421
What are the prime factors of 231115944?
2, 3, 9629831
What are the prime factors of 5480921664?
2, 3, 709, 13421
List the prime factors of 117185443.
733, 159871
List the prime factors of 1571583393.
3, 43, 167, 24317
List the prime factors of 3814977599.
17, 311, 721577
What are the prime factors of 466119183?
3, 43, 3613327
What are the prime factors of 82618497?
3, 13, 706141
List the prime factors of 428530161.
3, 19, 47, 103, 1553
List the prime factors of 98979788.
2, 353, 70099
What are the prime factors of 205499686?
2, 7, 14678549
List the prime factors of 38513402.
2, 1187, 16223
List the prime factors of 101257192.
2, 181, 69929
What are the prime factors of 566290150?
2, 5, 499, 22697
What are the prime factors of 32985288?
2, 3, 7, 65447
List the prime factors of 195990241.
195990241
List the prime factors of 21506670.
2, 3, 5, 19, 12577
List the prime factors of 791058109.
791058109
What are the prime factors of 44288038?
2, 37, 598487
List the prime factors of 110073864.
2, 3, 4586411
What are the prime factors of 250257911?
19, 3037, 4337
List the prime factors of 1033108335.
3, 5, 7, 3279709
What are the prime factors of 58024565?
5, 11604913
What are the prime factors of 1391174414?
2, 7, 19, 31, 113, 1493
List the prime factors of 401287091.
17, 1223, 19301
What are the prime factors of 2294534248?
2, 73, 3928997
List the prime factors of 1640419607.
17, 96495271
List the prime factors of 94893675.
3, 5, 1265249
List the prime factors of 6246200254.
2, 7, 79, 5647559
List the prime factors of 3475212.
2, 3, 13, 22277
What are the prime factors of 423182485?
5, 11, 823, 9349
What are the prime factors of 438906608?
2, 7, 23, 170383
List the prime factors of 105442617.
3, 7, 59, 85103
What are the prime factors of 227822317?
31, 109, 191, 3